
What is the hundreds digit of 2278?
2
What is the tens digit of 125?
2
What is the hundreds digit of 3687?
6
What is the hundreds digit of 117864?
8
What is the thousands digit of 15037?
5
What is the thousands digit of 1287?
1
What is the thousands digit of 2578?
2
What is the ten thousands digit of 71766?
7
What is the tens digit of 4046?
4
What is the hundreds digit of 442?
4
What is the thousands digit of 51399?
1
What is the units digit of 11043?
3
What is the thousands digit of 1200?
1
What is the hundreds digit of 26740?
7
What is the thousands digit of 18936?
8
What is the ten thousands digit of 26855?
2
What is the tens digit of 899?
9
What is the tens digit of 970?
7
What is the thousands digit of 12627?
2
What is the hundreds digit of 558?
5
What is the tens digit of 17777?
7
What is the tens digit of 7842?
4
What is the ten thousands digit of 100761?
0
What is the ten thousands digit of 139647?
3
What is the thousands digit of 2165?
2
What is the ten thousands digit of 13746?
1
What is the units digit of 5966?
6
What is the thousands digit of 131066?
1
What is the tens digit of 6015?
1
What is the units digit of 5710?
0
What is the units digit of 30696?
6
What is the units digit of 604?
4
What is the units digit of 1166?
6
What is the hundreds digit of 23687?
6
What is the thousands digit of 11924?
1
What is the tens digit of 1889?
8
What is the tens digit of 898?
9
What is the units digit of 2220?
0
What is the units digit of 110728?
8
What is the hundreds digit of 79425?
4
What is the hundred thousands digit of 144686?
1
What is the thousands digit of 18383?
8
What is the units digit of 2915?
5
What is the units digit of 218?
8
What is the tens digit of 4454?
5
What is the tens digit of 38463?
6
What is the tens digit of 39086?
8
What is the hundreds digit of 35458?
4
What is the tens digit of 1652?
5
What is the hundreds digit of 1038?
0
What is the tens digit of 375?
7
What is the ten thousands digit of 25207?
2
What is the tens digit of 9095?
9
What is the tens digit of 4161?
6
What is the thousands digit of 3311?
3
What is the units digit of 6573?
3
What is the hundreds digit of 6876?
8
What is the hundreds digit of 8699?
6
What is the ten thousands digit of 53030?
5
What is the ten thousands digit of 18864?
1
What is the hundreds digit of 2480?
4
What is the tens digit of 35716?
1
What is the tens digit of 14840?
4
What is the units digit of 3089?
9
What is the hundreds digit of 121742?
7
What is the units digit of 14140?
0
What is the hundreds digit of 15121?
1
What is the units digit of 173?
3
What is the tens digit of 29636?
3
What is the tens digit of 28692?
9
What is the hundreds digit of 1763?
7
What is the units digit of 12872?
2
What is the thousands digit of 2120?
2
What is the units digit of 817?
7
What is the units digit of 822?
2
What is the hundreds digit of 345?
3
What is the hundreds digit of 3218?
2
What is the thousands digit of 1101?
1
What is the thousands digit of 1104?
1
What is the thousands digit of 24650?
4
What is the tens digit of 1941?
4
What is the units digit of 1239?
9
What is the hundreds digit of 9264?
2
What is the hundreds digit of 1007?
0
What is the tens digit of 5115?
1
What is the hundreds digit of 860?
8
What is the tens digit of 65030?
3
What is the ten thousands digit of 13033?
1
What is the units digit of 3057?
7
What is the units digit of 49502?
2
What is the hundreds digit of 2122?
1
What is the units digit of 1165?
5
What is the hundreds digit of 3006?
0
What is the hundreds digit of 923?
9
What is the tens digit of 16511?
1
What is the units digit of 6141?
1
What is the tens digit of 15935?
3
What is the ten thousands digit of 85434?
8
What is the tens digit of 2412?
1
What is the thousands digit of 33333?
3
What is the thousands digit of 2498?
2
What is the thousands digit of 1111?
1
What is the thousands digit of 11210?
1
What is the thousands digit of 66200?
6
What is the tens digit of 1709?
0
What is the tens digit of 7340?
4
What is the hundreds digit of 20529?
5
What is the thousands digit of 2094?
2
What is the hundreds digit of 2476?
4
What is the ten thousands digit of 20551?
2
What is the thousands digit of 22175?
2
What is the tens digit of 9159?
5
What is the units digit of 40093?
3
What is the units digit of 714?
4
What is the units digit of 671?
1
What is the thousands digit of 2166?
2
What is the thousands digit of 57035?
7
What is the hundreds digit of 1047?
0
What is the tens digit of 55190?
9
What is the units digit of 26540?
0
What is the hundreds digit of 188?
1
What is the thousands digit of 5273?
5
What is the hundreds digit of 15057?
0
What is the ten thousands digit of 14498?
1
What is the units digit of 1508?
8
What is the ten thousands digit of 25028?
2
What is the tens digit of 177641?
4
What is the thousands digit of 10903?
0
What is the tens digit of 7616?
1
What is the hundreds digit of 1615?
6
What is the tens digit of 1262?
6
What is the ten thousands digit of 83336?
8
What is the thousands digit of 80617?
0
What is the tens digit of 14330?
3
What is the hundreds digit of 3955?
9
What is the tens digit of 13428?
2
What is the units digit of 8281?
1
What is the hundreds digit of 8785?
7
What is the units digit of 6742?
2
What is the ten thousands digit of 12681?
1
What is the thousands digit of 5323?
5
What is the units digit of 6997?
7
What is the hundreds digit of 907?
9
What is the hundreds digit of 402?
4
What is the ten thousands digit of 20444?
2
What is the ten thousands digit of 36855?
3
What is the tens digit of 1616?
1
What is the thousands digit of 1342?
1
What is the tens digit of 3666?
6
What is the thousands digit of 7527?
7
What is the hundreds digit of 1291?
2
What is the thousands digit of 3023?
3
What is the ten thousands digit of 34619?
3
What is the units digit of 6003?
3
What is the tens digit of 114?
1
What is the thousands digit of 11462?
1
What is the units digit of 1921?
1
What is the units digit of 41539?
9
What is the hundreds digit of 11977?
9
What is the thousands digit of 10284?
0
What is the tens digit of 61401?
0
What is the tens digit of 3781?
8
What is the ten thousands digit of 10894?
1
What is the hundreds digit of 27382?
3
What is the tens digit of 2012?
1
What is the hundreds digit of 75446?
4
What is the units digit of 3920?
0
What is the units digit of 355?
5
What is the thousands digit of 1321?
1
What is the hundreds digit of 3440?
4
What is the thousands digit of 32659?
2
What is the tens digit of 350?
5
What is the ten thousands digit of 76716?
7
What is the units digit of 934?
4
What is the units digit of 4578?
8
What is the units digit of 8345?
5
What is the tens digit of 991?
9
What is the units digit of 15209?
9
What is the tens digit of 7691?
9
What is the units digit of 1506?
6
What is the units digit of 8304?
4
What is the hundreds digit of 77967?
9
What is the units digit of 54681?
1
What is the units digit of 1462?
2
What is the thousands digit of 35101?
5
What is the units digit of 1560?
0
What is the units digit of 93?
3
What is the ten thousands digit of 23539?
2
What is the hundreds digit of 11284?
2
What is the tens digit of 426?
2
What is the tens digit of 54960?
6
What is the thousands digit of 23992?
3
What is the tens digit of 66986?
8
What is the thousands digit of 14466?
4
What is the thousands digit of 8388?
8
What is the units digit of 36227?
7
What is the tens digit of 141052?
5
What is the tens digit of 999?
9
What is the ten thousands digit of 15278?
1
What is the thousands digit of 14431?
4
What is the ten thousands digit of 35008?
3
What is the units digit of 29132?
2
What is the hundreds digit of 10448?
4
What is the hundreds digit of 5380?
3
What is the tens digit of 7693?
9
What is the units digit of 13005?
5
What is the thousands digit of 15673?
5
What is the thousands digit of 2120?
2
What is the hundreds digit of 2835?
8
What is the units digit of 9802?
2
What is the tens digit of 1439?
3
What is the hundreds digit of 6524?
5
What is the units digit of 1146?
6
What is the tens digit of 26481?
8
What is the units digit of 1225?
5
What is the units digit of 35?
5
What is the thousands digit of 6521?
6
What is the hundreds digit of 9918?
9
What is the tens digit of 530?
3